-6
Let i(b) = -2*b**2 + 290*b - 8141. Determine i(38).
-9
Let g(j) = 2*j**2 + 45*j + 62. Calculate g(-21).
-1
Let z(v) = -96*v - 478. Determine z(-5).
2
Let q(r) = -6*r**2 - 430*r + 19. What is q(-72)?
-125
Let c(m) = -m**2 - 14*m + 353. Calculate c(13).
2
Let q(f) = -67*f + 485. Give q(7).
16
Let h(g) = 2*g - 12. Determine h(-2).
-16
Let d(b) = 5*b**3 + 84*b**2 + 5*b + 207. Give d(-17).
-167
Let a(j) = -65*j + 315. What is a(5)?
-10
Let z(x) = 9*x**3 - 2*x**2 + 3*x - 24. Determine z(-4).
-644
Let m(q) = 3*q**2 + 63*q - 327. What is m(5)?
63
Let b(g) = g + 52. Determine b(26).
78
Let n(b) = -92*b + 10042. What is n(109)?
14
Let k(n) = 2*n**2 + 135*n - 351. What is k(-70)?
-1
Let h(k) = -3*k**2 + 86*k - 532. Calculate h(20).
-12
Let o(r) = -r**2 - 27*r + 96. Determine o(4).
-28
Let r(q) = q**2 - 3*q - 302. What is r(-16)?
2
Let h(o) = o**3 + 165*o**2 + 14*o + 2324. What is h(-165)?
14
Let o(t) = 3*t + 101. What is o(-4)?
89
Let w(u) = -u**2 + 252*u - 15856. What is w(130)?
4
Let p(d) = -112*d**2 + 132*d - 13. What is p(1)?
7
Let l(p) = 215*p**2 + 15265*p + 4. What is l(-71)?
4
Let u(b) = 3*b**3 - 35*b**2 - 102*b + 66. Determine u(14).
10
Let p(a) = -a**2 + 23*a - 216. Determine p(23).
-216
Let p(i) = -i**3 + 22*i**2 + 41*i + 29. Calculate p(24).
-139
Let p(l) = -30*l**2 - 1777*l - 416. What is p(-59)?
-3
Let q(h) = -h**3 + 10*h**2 - 11*h + 12. Give q(7).
82
Let g(o) = 2*o**3 + 65*o**2 + 34*o + 74. Give g(-32).
10
Let r(c) = 111*c - 550. Calculate r(5).
5
Let j(n) = -n**2 - 17*n + 27. Determine j(-19).
-11
Let w(n) = n**2 + 4*n - 63. Give w(-15).
102
Let z(l) = 2*l**3 + 5*l**2 + 8*l + 21. Determine z(-3).
-12
Let w(h) = -h**3 + 44*h**2 + 140*h + 75. Give w(47).
28
Let l(a) = a**3 - 14*a**2 + 10*a - 23. What is l(14)?
117
Let u(w) = -3*w**3 - 34*w**2 + 111*w - 17. What is u(-14)?
-3
Let y(x) = -2*x**2 - 61*x - 133. What is y(-25)?
142
Let o(h) = 54*h + 1146. Calculate o(-22).
-42
Let q(g) = 10*g**2 + 8*g - 12. Give q(3).
102
Let q(m) = 3*m**3 - 19*m**2 - 11*m + 19. What is q(6)?
-83
Let l(k) = -2*k**2 - 40*k - 10. Give l(-23).
-148
Let z(q) = q**3 + 25*q**2 + 188*q + 575. Determine z(-15).
5
Let g(r) = -2*r**2 - 16*r + 130. Calculate g(5).
0
Let i(f) = 2070*f - 16542. Determine i(8).
18
Let k(o) = o**3 - 9*o**2 + 168*o - 1181. Calculate k(7).
-103
Let b(v) = v**2 + 182*v + 717. Give b(-4).
5
Let a(i) = -178*i**2 + 162*i + 322. Give a(-2).
-714
Let n(k) = k**3 - 8*k**2 + 12*k - 200. Calculate n(9).
-11
Let v(d) = 3*d**2 + 7*d - 239. Calculate v(-11).
47
Let f(v) = -16*v**2 - 4*v + 10. What is f(-4)?
-230
Let w(z) = -26*z + 164. What is w(10)?
-96
Let l(a) = 36*a**3 + 2*a**2 - 2*a - 1. Give l(1).
35
Let y(w) = -80*w**2 + 2729*w - 303. Give y(34).
3
Let g(h) = h**3 + 27*h**2 - 115*h - 1647. What is g(-29)?
6
Let f(b) = -b**3 - 4*b**2 - b + 406. Give f(0).
406
Let j(r) = -r**2 + 1294*r - 15397. Calculate j(12).
-13
Let t(r) = 106*r**2 + 349*r. Determine t(-3).
-93
Let z(n) = 3*n**3 + 22*n**2 - 26*n - 310. Give z(-5).
-5
Let h(m) = -m**3 - 67*m**2 + 596*m - 324. Give h(-75).
-24
Let m(d) = 68*d - 1065. Give m(16).
23
Let j(z) = -533*z + 1604. What is j(3)?
5
Let x(n) = -n**2 + 1968*n - 23468. What is x(12)?
4
Let f(a) = 9*a**2 - 53*a + 20. What is f(8)?
172
Let t(n) = 98*n - 2536. What is t(25)?
-86
Let y(l) = -561*l - 2810. Give y(-5).
-5
Let p(g) = -3*g**2 - 133*g + 40. What is p(-45)?
-50
Let q(w) = w**2 + 1216*w - 9809. Determine q(8).
-17
Let l(w) = 814*w + 13851. What is l(-17)?
13
Let q(m) = m**3 + 9*m**2 + 2*m + 8. What is q(-6)?
104
Let s(n) = 16*n + 199. Calculate s(-15).
-41
Let c(g) = 2*g**2 + 12*g - 56. Calculate c(-7).
-42
Let g(o) = 2*o**2 + 46*o + 84. What is g(-21)?
0
Let f(l) = -l**3 + 8*l**2 + 12*l + 23. What is f(9)?
50
Let h(i) = 445*i - 6636. Calculate h(15).
39
Let g(i) = 6047*i + 42338. Calculate g(-7).
9
Let g(r) = -r**3 + 34*r**2 - 138*r - 11. Give g(5).
24
Let m(a) = 37*a + 84. Calculate m(4).
232
Let f(l) = 5*l - 96. Determine f(18).
-6
Let f(w) = -10*w**2 + 203*w - 32. Calculate f(20).
28
Let t(o) = 2*o**3 - 26*o**2 - 53*o - 81. Calculate t(15).
24
Let q(m) = -13*m**2 + 428*m - 102. Determine q(32).
282
Let y(w) = 6*w**2 + 4*w - 14. Give y(4).
98
Let b(f) = -3*f**2 + 30*f + 22. What is b(15)?
-203
Let s(t) = t**3 + 24*t**2 + 134*t + 27. Calculate s(-15).
42
Let x(j) = 12*j**3 - 50*j**2 - 6*j + 6. Calculate x(4).
-50
Let v(t) = 10*t**2 + 51*t + 46. Calculate v(-5).
41
Let a(q) = -q**2 + 83*q + 1034. Give a(94).
0
Let k(u) = u**2 - 25*u. Give k(29).
116
Let k(p) = 930*p + 79059. Calculate k(-85).
9
Let k(v) = -6*v**3 + 347*v**2 + 71*v - 748. Determine k(58).
6
Let p(q) = 710*q - 4975. What is p(7)?
-5
Let b(q) = -q**3 + 9*q**2 + 37*q - 246. Determine b(11).
-81
Let y(g) = 7714*g - 15430. What is y(2)?
-2
Let r(t) = -t**3 + 38*t**2 + 30*t + 202. Determine r(39).
-149
Let x(l) = -l**2 + 38*l + 149. What is x(42)?
-19
Let m(g) = -13*g - 357. What is m(-20)?
-97
Let t(r) = r**2 - 329*r + 4647. Determine t(15).
-63
Let x(b) = -5*b - 100. What is x(6)?
-130
Let s(k) = k**2 + 85*k - 35252. Determine s(-235).
-2
Let g(b) = -7*b - 67. What is g(6)?
-109
Let f(z) = -4*z**3 - z**2 - 3*z + 5. Give f(2).
-37
Let c(v) = 106*v - 1524. Give c(14).
-40
Let x(c) = -204*c - 15167. Give x(-74).
-71
Let u(p) = 3*p**2 + 8*p + 15. Calculate u(-1).
10
Let a(c) = -5*c**3 + 18*c**2 + 3*c - 30. What is a(5)?
-190
Let h(q) = -22*q - 255. Calculate h(0).
-255
Let r(x) = -15*x**3 + 4*x**2 - 23*x + 42. Give r(3).
-396
Let o(g) = 11*g - 76. Determine o(-19).
-285
Let n(h) = h**3 - 5*h**2 - 33*h + 52. What is n(0)?
52
Let a(f) = 8*f + 133. Calculate a(-20).
-27
Let z(s) = -6*s**3 - 44*s**2 - 102*s - 614. Give z(-7).
2
Let v(w) = -43*w - 863. Determine v(-20).
-3
Let f(c) = -62*c + 4280. Give f(69).
2
Let t(v) = 30*v + 101. Calculate t(-10).
-199
Let h(y) = 3*y**2 - 232*y - 2627. Determine h(-10).
-7
Let i(k) = 2*k**3 + 41*k**2 + 24*k + 750. Calculate i(-21).
-195
Let p(a) = 71*a**2 + 204*a + 3. Calculate p(-3).
30
Let a(t) = t**3 + 8*t**2 + t + 108. Give a(-9).
18
Let n(p) = 98*p - 4324. What is n(44)?
-12
Let w(g) = g**3 - 6*g**2 - 327*g - 546. Give w(22).
4
Let l(z) = 3*z + 48. What is l(-7)?
27
Let p(m) = m**3 + 12*m**2 + 36*m + 1. Calculate p(-5).
-4
Let g(l) = -22*l**2 - 231*l + 21. Determine g(-12).
-375
Let s(p) = p**3 + 77*p**2 + 3*p + 226. Calculate s(-77).
-5
Let h(i) = -i**2 + 16*i + 458. Give h(31).
-7
Let u(i) = 15*i - 29. What is u(1)?
-14
Let z(c) = 236*c - 4718. Determine z(20).
2
Let q(k) = -k**3 - 53*k**2 - 108*k - 295. Determine q(-51).
11
Let x(j) = -92*j - 329. Give x(-7).
315
Let v(m) = -145*m + 1864. Give v(14).
-166
Let v(o) = -6*o**3 + 1102*o**2 + 1482*o - 367. Determine v(185).
3
Let r(c) = 199*c - 15323. Give r(77).
0
Let r(h) = 2*h**2 - 56*h + 202. What is r(23)?
-28
Let c(s) = -71*s - 1539. Determine c(-22).
23
Let o(m) = m**2 + 2066*m + 40923. What is o(-20)?
3
Let n(h) = -4*h**3 - 7*h**2 - 6*h - 6. Give n(-2).
10
Let k(j) = -10*j + 852. What is k(82)?
32
Let h(w) = -285*w + 565. What is h(2)?
-5
Let x(d) = 427*d - 8531. Calculate x(20).
9
Let p(o) = -o**3 + 3*o**2 - 518*o - 15. What is p(0)?
-15
Let q(d) = 13*d**3 + 61*d**2 - 3*d - 30. Give q(-4).
126
Let v(x) = -x**3 + x**2 + 7*x + 6. Determine v(4).
-14
Let z(p) = -p**3 + 8*p**2 + 30*p - 195. Calculate z(10).
-95
Let x(m) = -m**3 - 235*m**2 - 12614*m + 346. What is x(-152)?
42
Let f(d) = -64*d + 62. What is f(1)?
-2
Let c(y) = -14*y**2 + 89*y - 4. Determine c(8).
-188
Let f(o) = o**3 - 3*o**2 - 23*o + 65. Give f(3).
-4
Let u(c) = -c**2 + 114*c + 995. Give u(-8).
19
Let f(n) = -6*n**2 - 25*n + 47. Give f(2).
-27
Let z(n) = -n**3 + 12*n**2 - 21*n + 38. What is z(9)?
92
Let w(z) = -3*z**2 + 8*z - 7. Give w(2).
-3
Let h(b) = 143*b + 73. What is h(-2)?
-213
Let i(g) = 94*g + 481. Calculate i(-5).
11
Let r(c) = -c**3 - 27*c**2 - 15*c + 317. Calculate r(-26).
31
Let q(g) = 587*g + 15. Calculate q(0).
15
Let w(r) = -2*r**3 + 61*r**2 + 15*r + 473. Determine w(31).
-23
Let p(o) = -o**2 + 95*o + 17. Give p(96).
-79
Let l(a) = a**2 + 42*a - 1720. Determine l(26).
48
Let h(r) = 46*r**2 + 41*r + 42. Determine h(-1).
47
Let x(f) = -9*f + 240. Give x(22).
42
Let j(d) = d**2 + 5692*d - 28494. Give j(5).
-9
Let r(x) = -57*x + 172. Calculate r(3).
1
Let u(c) = -c**2 - 45*c + 503. Determin